{"id":387,"date":"2021-03-27T19:02:36","date_gmt":"2021-03-28T00:02:36","guid":{"rendered":"https:\/\/gestconocimiento.org\/cigcpm2022\/?page_id=387"},"modified":"2022-04-17T20:21:59","modified_gmt":"2022-04-18T01:21:59","slug":"areas-cientificas-y-ejes-tematicos","status":"publish","type":"page","link":"https:\/\/gestconocimiento.org\/cigcpm2022\/areas-cientificas-y-ejes-tematicos\/","title":{"rendered":"\u00c1reas cient\u00edficas y ejes tem\u00e1ticos"},"content":{"rendered":"<p>[et_pb_section fb_built=&#8221;1&#8243; custom_padding_last_edited=&#8221;off|desktop&#8221; admin_label=&#8221;hero section&#8221; _builder_version=&#8221;4.16&#8243; use_background_color_gradient=&#8221;on&#8221; background_color_gradient_stops=&#8221;#ffffff 0%|#e7edf9 100%&#8221; background_color_gradient_start=&#8221;#ffffff&#8221; background_color_gradient_end=&#8221;#e7edf9&#8243; custom_margin=&#8221;|||&#8221; custom_padding=&#8221;100px||100px|&#8221; custom_padding_tablet=&#8221;130px||130px|&#8221; global_colors_info=&#8221;{}&#8221;][et_pb_row column_structure=&#8221;1_2,1_2&#8243; admin_label=&#8221;title and illustration&#8221; _builder_version=&#8221;4.16&#8243; background_size=&#8221;initial&#8221; background_position=&#8221;top_left&#8221; background_repeat=&#8221;repeat&#8221; custom_margin=&#8221;|||&#8221; global_colors_info=&#8221;{}&#8221;][et_pb_column type=&#8221;1_2&#8243; _builder_version=&#8221;4.16&#8243; custom_padding=&#8221;|||&#8221; global_colors_info=&#8221;{}&#8221; custom_padding__hover=&#8221;|||&#8221;][et_pb_text _builder_version=&#8221;4.16&#8243; text_font=&#8221;||||||||&#8221; header_font=&#8221;Merriweather|700|||||||&#8221; header_text_color=&#8221;#&#8221; header_font_size=&#8221;46px&#8221; header_line_height=&#8221;1.3em&#8221; custom_margin=&#8221;||0px|&#8221; animation_style=&#8221;flip&#8221; animation_direction=&#8221;top&#8221; global_colors_info=&#8221;{}&#8221;]<\/p>\n<h1>\u00c1reas cient\u00edficas y ejes tem\u00e1ticos<\/h1>\n<p>[\/et_pb_text][et_pb_divider color=&#8221;#4646c4&#8243; divider_position=&#8221;center&#8221; divider_weight=&#8221;2px&#8221; _builder_version=&#8221;4.16&#8243; max_width=&#8221;90px&#8221; max_width_tablet=&#8221;12%&#8221; max_width_last_edited=&#8221;off|desktop&#8221; custom_margin=&#8221;|||&#8221; animation_style=&#8221;flip&#8221; animation_delay=&#8221;50ms&#8221; global_colors_info=&#8221;{}&#8221;][\/et_pb_divider][et_pb_text _builder_version=&#8221;4.16&#8243; text_font=&#8221;||||||||&#8221; text_font_size=&#8221;20px&#8221; text_line_height=&#8221;1.8em&#8221; custom_margin=&#8221;25px|||&#8221; animation_style=&#8221;flip&#8221; animation_direction=&#8221;top&#8221; animation_delay=&#8221;100ms&#8221; global_colors_info=&#8221;{}&#8221;]Por medio de las siguientes tablas podr\u00e1n determinar en qu\u00e9 \u00e1rea cient\u00edfica y eje tem\u00e1tico se ubica la ponencia para posteriormente sea enviada[\/et_pb_text][\/et_pb_column][et_pb_column type=&#8221;1_2&#8243; _builder_version=&#8221;4.16&#8243; custom_padding=&#8221;|||&#8221; global_colors_info=&#8221;{}&#8221; custom_padding__hover=&#8221;|||&#8221;][et_pb_image src=&#8221;https:\/\/gestconocimiento.org\/cigcpm2022\/wp-content\/uploads\/sites\/9\/2021\/03\/conference_illustration_04.png&#8221; title_text=&#8221;conference_illustration_04&#8243; force_fullwidth=&#8221;on&#8221; align_tablet=&#8221;center&#8221; align_phone=&#8221;&#8221; align_last_edited=&#8221;on|desktop&#8221; _builder_version=&#8221;4.16&#8243; animation_style=&#8221;slide&#8221; animation_direction=&#8221;right&#8221; animation_intensity_slide=&#8221;10%&#8221; always_center_on_mobile=&#8221;on&#8221; global_colors_info=&#8221;{}&#8221;][\/et_pb_image][\/et_pb_column][\/et_pb_row][\/et_pb_section][et_pb_section fb_built=&#8221;1&#8243; admin_label=&#8221;schedules section&#8221; _builder_version=&#8221;4.16&#8243; custom_padding=&#8221;100px||100px|&#8221; animation_style=&#8221;zoom&#8221; animation_intensity_zoom=&#8221;10%&#8221; global_colors_info=&#8221;{}&#8221;][et_pb_row _builder_version=&#8221;4.16&#8243; custom_padding=&#8221;10px|0px|10px|0px&#8221; border_color_all=&#8221;#4646c4&#8243; border_width_bottom=&#8221;3px&#8221; global_colors_info=&#8221;{}&#8221;][et_pb_column type=&#8221;4_4&#8243; _builder_version=&#8221;4.16&#8243; custom_padding=&#8221;|||&#8221; global_colors_info=&#8221;{}&#8221; custom_padding__hover=&#8221;|||&#8221;][et_pb_text _builder_version=&#8221;4.16&#8243; text_font=&#8221;||||||||&#8221; header_font=&#8221;||||||||&#8221; header_2_font=&#8221;Merriweather|700|||||||&#8221; header_2_line_height=&#8221;1.4em&#8221; global_colors_info=&#8221;{}&#8221;]<\/p>\n<h2>\u00c1reas cient\u00edficas y ejes tem\u00e1ticos<\/h2>\n<p>[\/et_pb_text][\/et_pb_column][\/et_pb_row][et_pb_row column_structure=&#8221;1_2,1_2&#8243; _builder_version=&#8221;4.16&#8243; _module_preset=&#8221;default&#8221; global_colors_info=&#8221;{}&#8221;][et_pb_column type=&#8221;1_2&#8243; _builder_version=&#8221;4.16&#8243; _module_preset=&#8221;default&#8221; global_colors_info=&#8221;{}&#8221;][et_pb_text _builder_version=&#8221;4.16&#8243; _module_preset=&#8221;default&#8221; custom_css_before=&#8221;||||&#8221; global_colors_info=&#8221;{}&#8221;]<\/p>\n<table id=\"tematico\">\n<tbody>\n<tr>\n<th rowpan= \u201c13\u201d><span>AGRONOM\u00cdA, ALIMENTOS Y AMBIENTE<\/span><\/th>\n<\/tr>\n<tr>\n<td>\n<p style=\"-qt-block-indent: 0; text-indent: 0px; -qt-user-state: 0; margin: 0px;\">Responsabilidad social universitaria<\/p>\n<\/td>\n<\/tr>\n<tr>\n<td>Agricultura y cr\u00eda<\/td>\n<\/tr>\n<tr>\n<td>Gesti\u00f3n sustentable de recursos naturales<\/td>\n<\/tr>\n<tr>\n<td>Recursos naturales y medio ambiente<\/td>\n<\/tr>\n<tr>\n<td>Desarrollo sustentable -sostenible<\/td>\n<\/tr>\n<tr>\n<td>Recursos naturales: agua, aire, tierra, energ\u00eda y minerales.<\/td>\n<\/tr>\n<tr>\n<td>Desarrollo rural<\/td>\n<\/tr>\n<tr>\n<td>Biodiversidad<\/td>\n<\/tr>\n<tr>\n<td>Biotecnolog\u00eda agr\u00edcola<\/td>\n<\/tr>\n<tr>\n<td>Responsabilidad Social AmbientalCiencia y tecnolog\u00eda agroalimentaria<\/td>\n<\/tr>\n<tr>\n<td>Gesti\u00f3n sustentable de biodiversidad, ambiente y afines<\/td>\n<\/tr>\n<tr>\n<td>Sociedad y medio ambiente<\/td>\n<\/tr>\n<tr>\n<td>Contaminaci\u00f3n<\/td>\n<\/tr>\n<\/tbody>\n<\/table>\n<p>[\/et_pb_text][\/et_pb_column][et_pb_column type=&#8221;1_2&#8243; _builder_version=&#8221;4.16&#8243; _module_preset=&#8221;default&#8221; global_colors_info=&#8221;{}&#8221;][et_pb_text _builder_version=&#8221;4.16&#8243; _module_preset=&#8221;default&#8221; custom_css_before=&#8221;||||&#8221; global_colors_info=&#8221;{}&#8221;]<\/p>\n<table id=\"tematico\">\n<tbody>\n<tr>\n<th><span>ADMINISTRACI\u00d3N, ECONOM\u00cdA, FINANZAS Y CONTADUR\u00cdA<\/span><\/th>\n<\/tr>\n<tr>\n<td>\n<p style=\"-qt-block-indent: 0; text-indent: 0px; -qt-user-state: 0; margin: 0px;\">Mercadotecnia<\/p>\n<\/td>\n<\/tr>\n<tr>\n<td>\n<p style=\"-qt-block-indent: 0; text-indent: 0px; -qt-user-state: 0; margin: 0px;\">Administraci\u00f3n p\u00fablica y privada<\/p>\n<\/td>\n<\/tr>\n<tr>\n<td>\n<p style=\"-qt-block-indent: 0; text-indent: 0px; -qt-user-state: 0; margin: 0px;\">Innovaci\u00f3n social<\/p>\n<\/td>\n<\/tr>\n<tr>\n<td>\n<p style=\"-qt-block-indent: 0; text-indent: 0px; -qt-user-state: 0; margin: 0px;\">Contabilidad, auditoria y fiscal<\/p>\n<\/td>\n<\/tr>\n<tr>\n<td>\n<p style=\"-qt-block-indent: 0; text-indent: 0px; -qt-user-state: 0; margin: 0px;\">Finanzas y econom\u00edaIndustria 4.0<\/p>\n<\/td>\n<\/tr>\n<tr>\n<td>\n<p style=\"-qt-block-indent: 0; text-indent: 0px; -qt-user-state: 0; margin: 0px;\">Responsabilidad Social Empresarial<\/p>\n<\/td>\n<\/tr>\n<tr>\n<td>\n<p style=\"-qt-block-indent: 0; text-indent: 0px; -qt-user-state: 0; margin: 0px;\">Liderazgo<\/p>\n<\/td>\n<\/tr>\n<tr>\n<td>\n<p style=\"-qt-block-indent: 0; text-indent: 0px; -qt-user-state: 0; margin: 0px;\">Industria 5.0 COBOT<\/p>\n<\/td>\n<\/tr>\n<tr>\n<td>\n<p style=\"-qt-block-indent: 0; text-indent: 0px; -qt-user-state: 0; margin: 0px;\">Pol\u00edticas p\u00fablicas<\/p>\n<\/td>\n<\/tr>\n<tr>\n<td>\n<p style=\"-qt-block-indent: 0; text-indent: 0px; -qt-user-state: 0; margin: 0px;\">Gesti\u00f3n de la innovaci\u00f3n<\/p>\n<\/td>\n<\/tr>\n<tr>\n<td>\n<p style=\"-qt-block-indent: 0; text-indent: 0px; -qt-user-state: 0; margin: 0px;\">Desarrollo organizacional y redes empresariales<\/p>\n<\/td>\n<\/tr>\n<tr>\n<td>\n<p style=\"-qt-block-indent: 0; text-indent: 0px; -qt-user-state: 0; margin: 0px;\">Innovaci\u00f3n, competitividad y globalizaci\u00f3n<\/p>\n<\/td>\n<\/tr>\n<tr>\n<td>Objetivos de Desarrollo Sostenible<\/td>\n<\/tr>\n<tr>\n<td>Aspectos legales en los negocios<\/td>\n<\/tr>\n<tr>\n<td>Emprendimiento<\/td>\n<\/tr>\n<tr>\n<td>Innovaciones empresariales<\/td>\n<\/tr>\n<tr>\n<td>Peque\u00f1as Y Medianas Empresas<\/td>\n<\/tr>\n<tr>\n<td>Gobernanza y gobierno p\u00fablico<\/td>\n<\/tr>\n<tr>\n<td>Comportamiento organizacional<\/td>\n<\/tr>\n<tr>\n<td>Gesti\u00f3n del talento humano<\/td>\n<\/tr>\n<tr>\n<td>Revoluci\u00f3n industrial<\/td>\n<\/tr>\n<tr>\n<td>Negocios internacionales<\/td>\n<\/tr>\n<\/tbody>\n<\/table>\n<p>[\/et_pb_text][\/et_pb_column][\/et_pb_row][et_pb_row column_structure=&#8221;1_2,1_2&#8243; _builder_version=&#8221;4.16&#8243; _module_preset=&#8221;default&#8221; global_colors_info=&#8221;{}&#8221;][et_pb_column type=&#8221;1_2&#8243; _builder_version=&#8221;4.16&#8243; _module_preset=&#8221;default&#8221; global_colors_info=&#8221;{}&#8221;][et_pb_text _builder_version=&#8221;4.16&#8243; _module_preset=&#8221;default&#8221; global_colors_info=&#8221;{}&#8221;]<\/p>\n<table id=\"tematico\">\n<tbody>\n<tr>\n<th><span>EDUCACI\u00d3N Y PEDAGOG\u00cdA<\/span><\/th>\n<\/tr>\n<tr>\n<td>\n<p style=\"-qt-block-indent: 0; text-indent: 0px; -qt-user-state: 0; margin: 0px;\">Responsabilidad social universitaria<\/p>\n<\/td>\n<\/tr>\n<tr>\n<td>\n<p style=\"-qt-block-indent: 0; text-indent: 0px; -qt-user-state: 0; margin: 0px;\">Pedagog\u00eda, did\u00e1ctica y curr\u00edculo<\/p>\n<\/td>\n<\/tr>\n<tr>\n<td>\n<p style=\"-qt-block-indent: 0; text-indent: 0px; -qt-user-state: 0; margin: 0px;\">La educaci\u00f3n en Latinoam\u00e9rica<\/p>\n<\/td>\n<\/tr>\n<tr>\n<td>\n<p style=\"-qt-block-indent: 0; text-indent: 0px; -qt-user-state: 0; margin: 0px;\">\u00c9tica y valores<\/p>\n<\/td>\n<\/tr>\n<tr>\n<td>\n<p style=\"-qt-block-indent: 0; text-indent: 0px; -qt-user-state: 0; margin: 0px;\">Innovaciones educativas<\/p>\n<\/td>\n<\/tr>\n<tr>\n<td>\n<p style=\"-qt-block-indent: 0; text-indent: 0px; -qt-user-state: 0; margin: 0px;\">Educaci\u00f3n a distancia<\/p>\n<\/td>\n<\/tr>\n<tr>\n<td>\n<p style=\"-qt-block-indent: 0; text-indent: 0px; -qt-user-state: 0; margin: 0px;\">La educaci\u00f3n del futuro<\/p>\n<\/td>\n<\/tr>\n<tr>\n<td>\n<p style=\"-qt-block-indent: 0; text-indent: 0px; -qt-user-state: 0; margin: 0px;\">Educaci\u00f3n y diversidad<\/p>\n<\/td>\n<\/tr>\n<tr>\n<td>\n<p style=\"-qt-block-indent: 0; text-indent: 0px; -qt-user-state: 0; margin: 0px;\">Actividad f\u00edsica y salud, deporte y recreaci\u00f3n<\/p>\n<\/td>\n<\/tr>\n<tr>\n<td>\n<p style=\"-qt-block-indent: 0; text-indent: 0px; -qt-user-state: 0; margin: 0px;\">Educaci\u00f3n y diversidad<\/p>\n<\/td>\n<\/tr>\n<tr>\n<td>\n<p style=\"-qt-block-indent: 0; text-indent: 0px; -qt-user-state: 0; margin: 0px;\">Organizaci\u00f3n del conocimiento cient\u00edfico<\/p>\n<\/td>\n<\/tr>\n<tr>\n<td>\n<p style=\"-qt-block-indent: 0; text-indent: 0px; -qt-user-state: 0; margin: 0px;\">Educaci\u00f3n, lenguaje y humanidades<\/p>\n<\/td>\n<\/tr>\n<tr>\n<td>\n<p style=\"-qt-block-indent: 0; text-indent: 0px; -qt-user-state: 0; margin: 0px;\">Epistemolog\u00eda<\/p>\n<\/td>\n<\/tr>\n<tr>\n<td>\n<p style=\"-qt-block-indent: 0; text-indent: 0px; -qt-user-state: 0; margin: 0px;\">Metodolog\u00eda de investigaci\u00f3n cient\u00edfica<\/p>\n<\/td>\n<\/tr>\n<tr>\n<td>\nDesarrollo Humano\n<\/td>\n<\/tr>\n<tr>\n<td>\nFilosof\u00eda de la ciencia\n<\/td>\n<\/tr>\n<\/tbody>\n<\/table>\n<p>[\/et_pb_text][\/et_pb_column][et_pb_column type=&#8221;1_2&#8243; _builder_version=&#8221;4.16&#8243; _module_preset=&#8221;default&#8221; global_colors_info=&#8221;{}&#8221;][et_pb_text _builder_version=&#8221;4.16&#8243; _module_preset=&#8221;default&#8221; custom_css_before=&#8221;||||&#8221; global_colors_info=&#8221;{}&#8221;]<\/p>\n<table id=\"tematico\">\n<tbody>\n<tr>\n<th>CIENCIA, TECNOLOG\u00cdA, INNOVACI\u00d3N, DESARROLLO, COMUNICACI\u00d3N, INGENIER\u00cdA<\/th>\n<\/tr>\n<tr>\n<td>Ciencia, Tecnolog\u00eda, Innovaci\u00f3n y Desarrollo<\/td>\n<\/tr>\n<tr>\n<td>Ciencias b\u00e1sicas y aplicadas<\/td>\n<\/tr>\n<tr>\n<td>Tecnolog\u00eda de la Informaci\u00f3n y comunicaci\u00f3n<\/td>\n<\/tr>\n<tr>\n<td>Telecomunicaciones<\/td>\n<\/tr>\n<tr>\n<td>La ingenier\u00eda del futuro<\/td>\n<\/tr>\n<tr>\n<td>Innovaciones tecnol\u00f3gicas<\/td>\n<\/tr>\n<tr>\n<td>Rob\u00f3tica<\/td>\n<\/tr>\n<tr>\n<td>Transferencia tecnol\u00f3gica<\/td>\n<\/tr>\n<tr>\n<td>Ingenier\u00eda, arquitectura y urbanismo<\/td>\n<\/tr>\n<tr>\n<td>Laboratorios I+D+I<\/td>\n<\/tr>\n<tr>\n<td>Sistematizaci\u00f3n de la informaci\u00f3n en Ciencia, Tecnolog\u00eda e Innovaci\u00f3n<\/td>\n<\/tr>\n<tr>\n<td>Transferencia de conocimiento<\/td>\n<\/tr>\n<tr>\n<td>Apropiaci\u00f3n social del conocimiento<\/td>\n<\/tr>\n<\/tbody>\n<\/table>\n<p>[\/et_pb_text][\/et_pb_column][\/et_pb_row][et_pb_row column_structure=&#8221;1_2,1_2&#8243; _builder_version=&#8221;4.16&#8243; _module_preset=&#8221;default&#8221; global_colors_info=&#8221;{}&#8221;][et_pb_column type=&#8221;1_2&#8243; _builder_version=&#8221;4.16&#8243; _module_preset=&#8221;default&#8221; global_colors_info=&#8221;{}&#8221;][et_pb_text _builder_version=&#8221;4.16&#8243; _module_preset=&#8221;default&#8221; global_colors_info=&#8221;{}&#8221;]<\/p>\n<table id=\"tematico\">\n<tbody>\n<tr>\n<th><span>CULTURA<\/span><\/th>\n<\/tr>\n<tr>\n<td>\n<p style=\"-qt-block-indent: 0; text-indent: 0px; -qt-user-state: 0; margin: 0px;\">Historias patrimoniales<\/p>\n<\/td>\n<\/tr>\n<tr>\n<td>\n<p style=\"-qt-block-indent: 0; text-indent: 0px; -qt-user-state: 0; margin: 0px;\">Gesti\u00f3n de la cultura<\/p>\n<\/td>\n<\/tr>\n<tr>\n<td>\n<p style=\"-qt-block-indent: 0; text-indent: 0px; -qt-user-state: 0; margin: 0px;\">Interculturalidad<\/p>\n<\/td>\n<\/tr>\n<tr>\n<td>\n<p style=\"-qt-block-indent: 0; text-indent: 0px; -qt-user-state: 0; margin: 0px;\">Folclore<\/p>\n<\/td>\n<\/tr>\n<tr>\n<td>\n<p style=\"-qt-block-indent: 0; text-indent: 0px; -qt-user-state: 0; margin: 0px;\">Patrimonio cultural<\/p>\n<\/td>\n<\/tr>\n<tr>\n<td>\n<p style=\"-qt-block-indent: 0; text-indent: 0px; -qt-user-state: 0; margin: 0px;\">Desarrollo cultural<\/p>\n<\/td>\n<\/tr>\n<tr>\n<td>\n<p style=\"-qt-block-indent: 0; text-indent: 0px; -qt-user-state: 0; margin: 0px;\">Lenguas ancestrales<\/p>\n<\/td>\n<\/tr>\n<tr>\n<td>\n<p style=\"-qt-block-indent: 0; text-indent: 0px; -qt-user-state: 0; margin: 0px;\">Medicina ancestral<\/p>\n<\/td>\n<\/tr>\n<tr>\n<td>\n<p style=\"-qt-block-indent: 0; text-indent: 0px; -qt-user-state: 0; margin: 0px;\">Tradiciones y costumbres de los pueblos<\/p>\n<\/td>\n<\/tr>\n<tr>\n<td>\n<p style=\"-qt-block-indent: 0; text-indent: 0px; -qt-user-state: 0; margin: 0px;\">El espacio geogr\u00e1fico para el aseguramiento de las etnias<\/p>\n<\/td>\n<\/tr>\n<tr>\n<td>\n<p style=\"-qt-block-indent: 0; text-indent: 0px; -qt-user-state: 0; margin: 0px;\">Gesti\u00f3n sustentable de biodiversidad, ambiente y afines<\/p>\n<\/td>\n<\/tr>\n<tr>\n<td>\n<p style=\"-qt-block-indent: 0; text-indent: 0px; -qt-user-state: 0; margin: 0px;\">Sociedad y cultura<\/p>\n<\/td>\n<\/tr>\n<tr>\n<td>\n<p style=\"-qt-block-indent: 0; text-indent: 0px; -qt-user-state: 0; margin: 0px;\">Vida comunitaria<\/p>\n<\/td>\n<\/tr>\n<tr>\n<td>\n<p style=\"-qt-block-indent: 0; text-indent: 0px; -qt-user-state: 0; margin: 0px;\">Sistematizaci\u00f3n de experiencias en cultura<\/p>\n<\/td>\n<\/tr>\n<tr>\n<td>Desarrollo Humano<\/td>\n<\/tr>\n<tr>\n<td>Filosof\u00eda de la ciencia<\/td>\n<\/tr>\n<\/tbody>\n<\/table>\n<p>[\/et_pb_text][\/et_pb_column][et_pb_column type=&#8221;1_2&#8243; _builder_version=&#8221;4.16&#8243; _module_preset=&#8221;default&#8221; global_colors_info=&#8221;{}&#8221;][et_pb_text _builder_version=&#8221;4.16&#8243; _module_preset=&#8221;default&#8221; custom_css_before=&#8221;||||&#8221; global_colors_info=&#8221;{}&#8221;]<\/p>\n<table id=\"tematico\">\n<tbody>\n<tr>\n<th><span>CIENCIAS SOCIALES<br \/><\/span><\/th>\n<\/tr>\n<tr>\n<td>\n<p style=\"-qt-block-indent: 0; text-indent: 0px; -qt-user-state: 0; margin: 0px;\">Formaci\u00f3n ciudadana<\/p>\n<\/td>\n<\/tr>\n<tr>\n<td>\n<p style=\"-qt-block-indent: 0; text-indent: 0px; -qt-user-state: 0; margin: 0px;\">Estudios de g\u00e9nero e identidades<\/p>\n<\/td>\n<\/tr>\n<tr>\n<td>\n<p style=\"-qt-block-indent: 0; text-indent: 0px; -qt-user-state: 0; margin: 0px;\">Estado, sociedad y desarrollo<\/p>\n<\/td>\n<\/tr>\n<tr>\n<td>\n<p style=\"-qt-block-indent: 0; text-indent: 0px; -qt-user-state: 0; margin: 0px;\">Conflictos, posconflicto, reconciliaci\u00f3n y paz<\/p>\n<\/td>\n<\/tr>\n<tr>\n<td>\n<p style=\"-qt-block-indent: 0; text-indent: 0px; -qt-user-state: 0; margin: 0px;\">Participaci\u00f3n ciudadana<\/p>\n<\/td>\n<\/tr>\n<tr>\n<td>\n<p style=\"-qt-block-indent: 0; text-indent: 0px; -qt-user-state: 0; margin: 0px;\">Pandemias<\/p>\n<\/td>\n<\/tr>\n<tr>\n<td>\n<p style=\"-qt-block-indent: 0; text-indent: 0px; -qt-user-state: 0; margin: 0px;\">Gesti\u00f3n de la salud<\/p>\n<\/td>\n<\/tr>\n<tr>\n<td>\n<p style=\"-qt-block-indent: 0; text-indent: 0px; -qt-user-state: 0; margin: 0px;\">Hambre<\/p>\n<\/td>\n<\/tr>\n<tr>\n<td>\n<p style=\"-qt-block-indent: 0; text-indent: 0px; -qt-user-state: 0; margin: 0px;\">Analfabetismo<\/p>\n<\/td>\n<\/tr>\n<tr>\n<td>\n<p style=\"-qt-block-indent: 0; text-indent: 0px; -qt-user-state: 0; margin: 0px;\">Electricidad<\/p>\n<\/td>\n<\/tr>\n<tr>\n<td>\n<p style=\"-qt-block-indent: 0; text-indent: 0px; -qt-user-state: 0; margin: 0px;\">Pobreza<\/p>\n<\/td>\n<\/tr>\n<tr>\n<td>\n<p style=\"-qt-block-indent: 0; text-indent: 0px; -qt-user-state: 0; margin: 0px;\">Covid 19<\/p>\n<\/td>\n<\/tr>\n<tr>\n<td>\n<p style=\"-qt-block-indent: 0; text-indent: 0px; -qt-user-state: 0; margin: 0px;\">Religiones<\/p>\n<\/td>\n<\/tr>\n<\/tbody>\n<\/table>\n<p>[\/et_pb_text][\/et_pb_column][\/et_pb_row][\/et_pb_section]<\/p>\n","protected":false},"excerpt":{"rendered":"<p>\u00c1reas cient\u00edficas y ejes tem\u00e1ticosPor medio de las siguientes tablas podr\u00e1n determinar en qu\u00e9 \u00e1rea cient\u00edfica y eje tem\u00e1tico se ubica la ponencia para posteriormente sea enviada\u00c1reas cient\u00edficas y ejes tem\u00e1ticos AGRONOM\u00cdA, ALIMENTOS Y AMBIENTE Responsabilidad social universitaria Agricultura y cr\u00eda Gesti\u00f3n sustentable de recursos naturales Recursos naturales y medio ambiente Desarrollo sustentable -sostenible Recursos [&hellip;]<\/p>\n","protected":false},"author":1,"featured_media":0,"parent":0,"menu_order":0,"comment_status":"closed","ping_status":"closed","template":"","meta":{"_acf_changed":false,"_et_pb_use_builder":"on","_et_pb_old_content":"","_et_gb_content_width":"","footnotes":""},"class_list":["post-387","page","type-page","status-publish","hentry"],"acf":[],"_links":{"self":[{"href":"https:\/\/gestconocimiento.org\/cigcpm2022\/wp-json\/wp\/v2\/pages\/387","targetHints":{"allow":["GET"]}}],"collection":[{"href":"https:\/\/gestconocimiento.org\/cigcpm2022\/wp-json\/wp\/v2\/pages"}],"about":[{"href":"https:\/\/gestconocimiento.org\/cigcpm2022\/wp-json\/wp\/v2\/types\/page"}],"author":[{"embeddable":true,"href":"https:\/\/gestconocimiento.org\/cigcpm2022\/wp-json\/wp\/v2\/users\/1"}],"replies":[{"embeddable":true,"href":"https:\/\/gestconocimiento.org\/cigcpm2022\/wp-json\/wp\/v2\/comments?post=387"}],"version-history":[{"count":0,"href":"https:\/\/gestconocimiento.org\/cigcpm2022\/wp-json\/wp\/v2\/pages\/387\/revisions"}],"wp:attachment":[{"href":"https:\/\/gestconocimiento.org\/cigcpm2022\/wp-json\/wp\/v2\/media?parent=387"}],"curies":[{"name":"wp","href":"https:\/\/api.w.org\/{rel}","templated":true}]}}